 -2*w, -4*w + 6*z - z - 47 = 0. Let p(f) = -f**2 - 7*f - 5. What is p(w)?
-13
Suppose g - 8 + 6 = 0. Let q(i) = 14*i - 2*i + g - 1. Let y = -328 + 327. Give q(y).
-11
Let u(i) = 5*i. Let h = 30 + -51. Let d = 54 + -52. Let k be d/(-9) + h/27. What is u(k)?
-5
Let c be (-88)/(-9) + (-4)/(-18). Suppose -c + 12 = t. Let i(b) = 5 + 0 - b**2 + b - 4. Calculate i(t).
-1
Let g(c) = -2*c**2 + 2*c - 1. Let m(z) = 11*z**2 - 10*z - 1. Let x(t) = 5*g(t) + m(t). Give x(-3).
3
Let a(t) = -11*t**2. Suppose -112*d + 22 = -101*d. Calculate a(d).
-44
Let i(j) = 3*j**3 + 8*j**2 - 6*j - 7. Let h(o) = -14*o**3 - 32*o**2 + 24*o + 28. Let t(a) = 2*h(a) + 9*i(a). Give t(7).
0
Suppose 48*t - 262 = 74. Let v(l) = -3*l**2 + 5*l - 5. Let g(o) = -10*o**2 + 14*o - 15. Let m(i) = -2*g(i) + 7*v(i). Give m(t).
-5
Let o be (2/6)/((-5)/(-120)) - 3. Let b(c) = 5*c + 2 + c - c - o. What is b(2)?
7
Suppose 0 = 4*i + 8 - 32. Suppose 0 = g - 2*g - i. Let n(m) = m**3 + 6*m**2 - m + 3. Give n(g).
9
Suppose -2*w + n + 4 = -0*w, -w = -5*n - 2. Let z(h) = 1 + 8*h**2 + 2*h + 9*h**w + h - 19*h**2. Give z(3).
-8
Suppose -13*c + 88 = 179. Let y(q) = -q - 29. Calculate y(c).
-22
Let o(v) be the third derivative of 1/120*v**6 + 0*v + 0 + v**2 + 1/20*v**5 - 1/3*v**3 + 0*v**4. Let u be o(-2). Let k(d) = 2*d**2 + 3*d - 2. Give k(u).
12
Let n(c) = c**3 - 12*c**2 - 14*c - 4. Suppose 6*f = 55 + 23. Give n(f).
-17
Let b(u) = -u**3 + 5*u**2 - 4*u + 2. Let i be b(2). Let f(z) be the first derivative of 1/2*z**2 + 0*z + 66. Calculate f(i).
6
Let u(a) be the first derivative of -a**4 - a - 60. Calculate u(1).
-5
Let m(a) = 6*a**2 - a - 1. Let u(n) = 5*n**2 - n. Let q(o) = 6*m(o) - 7*u(o). Suppose 4*j = 4, -18*j = -4*g - 19*j + 1. Give q(g).
-6
Let s(t) = -t**2 - 2*t + 31. Let n be 4 - (39/10 - (-9)/90). Calculate s(n).
31
Let l = -41 + 43. Suppose b + 0 - l = 0. Let f(o) = o + 2. Calculate f(b).
4
Let o(d) = 17*d**2 + 34*d + 7. Let m(w) = 12*w**2 + 23*w + 5. Let c(v) = -7*m(v) + 5*o(v). Calculate c(-7).
-14
Let z(b) = -b. Suppose 13*a - 137 = 45. Let w(h) = h**2 + 2*h + 3. Let m be w(-2). Suppose -a = -4*n + 3*x, 0*x + m*x = -5*n + 31. Calculate z(n).
-5
Suppose -b + 3*p = -16, 2*b - 5 = -3*p + 72. Let o(f) = 33*f + 0 - b*f - 3. Let c = -11 + 17. What is o(c)?
9
Let j = -576 - -569. Let z(q) = -4*q**2 + 9*q + 7. Let h(g) = -5*g**2 + 9*g + 7. Let a(n) = 5*h(n) - 6*z(n). Determine a(j).
7
Suppose -5*c = 4*o - 7, 0*o + o = 4*c - 14. Let t(b) = 4 - c*b - 4 + 1. What is t(3)?
-8
Let m = 248 - 261. Let i(r) = -r - 18. Give i(m).
-5
Let r(i) = -3*i**2 + 0*i - 4*i - 1 - 3*i**2 - i**3. Let o = 1844 + -1848. Determine r(o).
-17
Let h(y) = -2 + 1 + 2 - 2 + y. Let r be (6/4)/(12/16). Let c be (6/(-12))/(r/12). What is h(c)?
-4
Suppose 0 = c - 2*c - 2. Let j(h) = -11*h - 1. Calculate j(c).
21
Let l be (-3)/9 - (-2)/6. Let f be (-2 + -1)*(-1)/(9/12). Let z(c) = f - 7*c + l + 2 - 5. Determine z(1).
-6
Let w be 3/12 + (-68)/16. Let n = w - -7. Suppose -3*o + 28 = -2*c, -n*o + 3*c = -c - 38. Let j(f) = -f**2 + 4*f. What is j(o)?
-12
Let t(o) = -o**3 - 5*o**2 - 2*o + 3. Let y be 20/3*(-4)/((-8)/(-15)). Let z = 45 + y. Give t(z).
13
Suppose 5*o - 2*q + 26 = 2*q, -5*q = -o - 22. Suppose 24 - 28 = -u. Let a(f) = u*f - 8 + 24 - 6 - 7. Give a(o).
-5
Let b(u) = 6*u - 20 + 7*u**2 + 2*u**2 - 10*u**2 + 17. Determine b(5).
2
Let l(h) = 2*h - 2. Let g(j) = 2*j - 1. Let a(f) = -3*g(f) + 2*l(f). Suppose -6 = -3*m - 3*t, 2*m - 5*m + 2*t = -1. Calculate a(m).
-3
Let g(w) = w + 36. Let r be g(-19). Suppose 5*c - 3 = r. Let x(f) = f - 4. Calculate x(c).
0
Let q(i) = 7*i - 6. Let m(j) = 25*j - 20. Let r(f) = -2*m(f) + 7*q(f). Suppose -5*w = -4*w - 5. Determine r(w).
-7
Let p(t) = -2*t**2 - 3*t - 4. Let a(v) = 14*v + 264. Let y be a(-19). What is p(y)?
-6
Let i(u) be the second derivative of -u**5/60 + 13*u**4/24 + 17*u**3/6 - 11*u**2/2 + 25*u. Let o(m) be the first derivative of i(m). Calculate o(14).
3
Let o(c) = -2*c**3 + 9 + 9*c + c**3 + 0*c**2 - 6*c**2. Suppose -2*n + 6*n + 2*p + 28 = 0, 5*p - 35 = 5*n. Calculate o(n).
-5
Let y(c) = 2*c**3 + 32*c**2 - 43*c - 5. Let q(v) = -v**3 - 15*v**2 + 21*v + 3. Let m(s) = -13*q(s) - 6*y(s). Calculate m(-6).
-27
Let b be 9/(-18)*(-4 + 0). Let x(z) = z**3 + 5 + 0 - 28*z**b + 23*z**2 + 16*z**2. Let t be x(-11). Let y(d) = -d**3 + 5*d**2 + 4*d - 3. Give y(t).
17
Let t be (-4 - -1)*(-12)/(-9). Let l(w) = -w**3 - 5*w**2 - 5*w - 10. What is l(t)?
-6
Let y(g) = -g - 1. Let i(t) = t**3 - 6*t**2 - 12. Let b(j) = -i(j) + 4*y(j). Suppose 0 = -14*h - 17 + 101. Determine b(h).
-16
Let s(p) = -1. Let i(l) = -l + 5. Let n(r) = i(r) - s(r). Let k = -2 - -2. Give n(k).
6
Suppose 2*k = 4*o + 22, -7*k + 2*k = -5*o - 15. Let b(f) = 5*f + 5. What is b(o)?
-35
Let z(y) = 11*y + 1. Let x(b) = -b**3 + 4*b**2 - b + 9. Let u be x(4). Let k be (17/(-85))/((-1)/u). Calculate z(k).
12
Let v = 81 - 80. Let q be (9/v - 6) + (-12)/2. Let o(f) = -f + 1. Determine o(q).
4
Suppose -2*u - 2*u + 20 = 0. Suppose -1 - 9 = -u*v. Suppose 3*h - v*c = -23, c + 4 = 2*c. Let d(z) = -z**2 - 4*z - 1. Calculate d(h).
-6
Suppose -16*h - 40 = -136. Let d(v) = -v**2 + 2*v - 1. Determine d(h).
-25
Suppose -475 = -4*p + h + 2*h, -4*p + 4*h + 476 = 0. Let l(s) = -38 - 41 + 5*s - 42 + p. Calculate l(-4).
-23
Let w(o) be the second derivative of -o**4/12 - 11*o**3/6 - 3*o**2 - 40*o. Give w(-8).
18
Suppose 331*u + 12 = 330*u. Let z(c) = c**3 + 11*c**2 - 11*c + 11. Determine z(u).
-1
Let m(l) = -4*l + 5 + 6*l**2 - 6 + 5*l - 6*l**2 - 4*l**3. Give m(1).
-4
Let i(u) = u**2 - 6*u + 2. Let y(a) = 4*a + 11*a + 3*a - 16 - 20*a. Let l be y(-10). Determine i(l).
-6
Let a(z) = 8*z**3 + 14*z + 3. Let s(n) = 7*n**3 + 11*n + 2. Let g(r) = -5*a(r) + 6*s(r). Let i = -5 + 6. Let t(y) = -2*y**2. Let c be t(i). What is g(c)?
-11
Let l(s) = -3*s - 1. Let k = -21 - -15. Suppose -7*q - 2*a = -8*q + 16, -4*q + a + 64 = 0. Let n be (q/k - -3)*3. Calculate l(n).
-4
Let n be (-16)/6*(-441)/(-84). Let h(u) = u**2 + 13*u - 1. Give h(n).
13
Let a(m) = -11*m**2 + 4*m. Let p(z) = -13*z**2 + 4*z. Let x(c) = -6*a(c) + 5*p(c). What is x(3)?
-3
Let m(y) = -y**3 - 12*y**2 + y - 2. Let v = 160 - 172. Calculate m(v).
-14
Let h be (-96)/(-10) + 8/20. Let b = h - 9. Let o be (1/(-2))/(b/10). Let k(z) = z**3 + 6*z**2 + 5*z + 2. Determine k(o).
2
Let i be 6 + -3 - (-1 - 1). Let t be 4*((-15)/(-4))/i. Let a(o) be the third derivative of o**5/60 - o**4/12 - 2*o**3/3 - 2*o**2. Give a(t).
-1
Let u(r) = -r**2 + 11*r - 35. Let b(m) = m**3 + 65*m**2 - m - 58. Let o be b(-65). What is u(o)?
-7
Let b(t) = t**3 + 5*t**2 + 5*t + 1. Let u(g) = g**3 - 6*g**2 + 6*g - 8. Let j(f) = f - 1. Let x(i) = 4*j(i) - u(i). Let m be x(6). Let l = 4 + m. What is b(l)?
-3
Let r(b) = b**2 + 14*b + 21. Let v be r(-17). Suppose 0*h = -9*h + v. Let g(t) = t - 7. What is g(h)?
1
Suppose -f - 36 = -7*f. Suppose 3*c + 4*r - 24 = 18, 0 = 3*c + 2*r - 36. Let t(d) = -7*d + c + 0 + 6*d. What is t(f)?
4
Let s(f) = -4 + 8 - 9*f + 6 - f**2. Suppose -23*h + 11 = g - 18*h, 0 = -3*g + 4*h - 43. Calculate s(g).
10
Let t(k) = 55*k + 17. Let a(y) = 17*y + 5. Let h(n) = -14*a(n) + 4*t(n). Determine h(-1).
16
Let j(z) = z**2 - 6*z + 11. Let o be j(5). Suppose -o*t + 16 = -2*t. Let k be 0 - 0*t/16. Let b(g) = -g**3 - g**2 + 1. Give b(k).
1
Let i(u) = u**2 + 6*u - 71. Let x be i(-12). Let s(h) be the first derivative of -h**2 - h + 10. Give s(x).
-3
Suppose 0 = 88*q - 93*q - 25. Let n(b) = b + 9. What is n(q)?
4
Suppose 0 = 4*f - 14*f + 20. Suppose f*g + 12 = 6. Let t(a) = -a**2 - a + 2. Give t(g).
-4
Let v = 97 - 98. Let t(j) = 34*j. Let x(w) = 4*w. Let d(r) = -4*t(r) + 36*x(r). Determine d(v).
-8
Let h(x) = 2*x - 5. Let m = -2489 - -2479. Calculate h(m).
-25
Let i(b) = -3*b - 10. Let r(z) = 4 - 1 - 2. Let a(k) = i(k) + 6*r(k). What is a(-3)?
5
Let g(h) = -2*h + 7. Let y be 5 - (15 + (1 - 5)). Give g(y).
19
Let t(x) be the second derivative of -x**6/120 - x**5/15 + 9*x**2/2 + 15*x. Let o(b) be the first derivative of t(b). Determine o(-4).
0
Let i(w) = 3*w**3 - w**2 + 3*w + 1. Let f be -12*((-4)/3)/(-4). Let u(k) = -k**3 + k**2. Let y(t) = f*u(t) - i(t). What is y(4)?
3
Let v = -2 + 1. Let k(u) = -1. Let o(z) = -2. Let w(y) = 6*k(y) - 4*o(y). Let g(j) = -j**2 - 1. Let t(m) = v*g(m) - w(m). Give t(3).
8
Suppose 46*l = 3*v + 48*l - 15, -4*v 